inder when 4920 is divided by 1230.
0
Calculate the remainder when 1728 is divided by 618.
492
Calculate the remainder when 11743 is divided by 1463.
39
What is the remainder when 484125 is divided by 242059?
7
What is the remainder when 17537 is divided by 116?
21
Calculate the remainder when 3353 is divided by 1660.
33
What is the remainder when 234746 is divided by 120?
26
Calculate the remainder when 21212 is divided by 1005.
107
What is the remainder when 48240 is divided by 6030?
0
Calculate the remainder when 1513 is divided by 456.
145
Calculate the remainder when 2344 is divided by 944.
456
What is the remainder when 2339 is divided by 2245?
94
Calculate the remainder when 19963 is divided by 1968.
283
Calculate the remainder when 4649 is divided by 53.
38
What is the remainder when 133109 is divided by 226?
221
Calculate the remainder when 20305 is divided by 580.
5
Calculate the remainder when 4549 is divided by 709.
295
Calculate the remainder when 3799 is divided by 422.
1
Calculate the remainder when 9651 is divided by 64.
51
What is the remainder when 22949 is divided by 25?
24
What is the remainder when 60327 is divided by 51?
45
What is the remainder when 10561 is divided by 52?
5
Calculate the remainder when 2847 is divided by 64.
31
Calculate the remainder when 6995 is divided by 226.
215
Calculate the remainder when 161446 is divided by 84.
82
What is the remainder when 3164 is divided by 25?
14
Calculate the remainder when 2104343 is divided by 66.
65
What is the remainder when 129846 is divided by 12984?
6
Calculate the remainder when 887 is divided by 223.
218
Calculate the remainder when 522093 is divided by 584.
581
What is the remainder when 16517 is divided by 1812?
209
What is the remainder when 2493 is divided by 208?
205
Calculate the remainder when 35237 is divided by 17.
13
What is the remainder when 477 is divided by 39?
9
Calculate the remainder when 4773 is divided by 64.
37
Calculate the remainder when 1333 is divided by 734.
599
Calculate the remainder when 41614 is divided by 41613.
1
What is the remainder when 15133 is divided by 398?
9
What is the remainder when 1098953 is divided by 76?
69
Calculate the remainder when 2187 is divided by 1076.
35
What is the remainder when 33279 is divided by 64?
63
What is the remainder when 13466 is divided by 68?
2
Calculate the remainder when 32132 is divided by 16044.
44
What is the remainder when 28618 is divided by 52?
18
What is the remainder when 410 is divided by 285?
125
Calculate the remainder when 18257 is divided by 25.
7
Calculate the remainder when 46851 is divided by 6682.
77
What is the remainder when 25336 is divided by 25333?
3
What is the remainder when 534 is divided by 265?
4
Calculate the remainder when 8618 is divided by 357.
50
What is the remainder when 30356 is divided by 506?
502
What is the remainder when 7029 is divided by 469?
463
Calculate the remainder when 295042 is divided by 58.
54
What is the remainder when 1221 is divided by 20?
1
Calculate the remainder when 704 is divided by 33.
11
Calculate the remainder when 121172 is divided by 18.
14
Calculate the remainder when 752584 is divided by 9.
4
What is the remainder when 1040 is divided by 127?
24
Calculate the remainder when 2560 is divided by 243.
130
Calculate the remainder when 490231 is divided by 361.
354
What is the remainder when 5875 is divided by 266?
23
What is the remainder when 1270103 is divided by 1669?
1663
Calculate the remainder when 135140 is divided by 24.
20
What is the remainder when 11659 is divided by 144?
139
Calculate the remainder when 6926 is divided by 33.
29
Calculate the remainder when 94103 is divided by 223.
220
Calculate the remainder when 9993 is divided by 4944.
105
Calculate the remainder when 39437 is divided by 1204.
909
What is the remainder when 147996 is divided by 73993?
10
Calculate the remainder when 2332 is divided by 632.
436
What is the remainder when 880 is divided by 161?
75
What is the remainder when 6903 is divided by 25?
3
What is the remainder when 33591 is divided by 33?
30
Calculate the remainder when 5638 is divided by 501.
127
What is the remainder when 3779608 is divided by 51?
49
Calculate the remainder when 830 is divided by 234.
128
Calculate the remainder when 1302486 is divided by 902.
900
What is the remainder when 5242 is divided by 117?
94
Calculate the remainder when 225940 is divided by 112953.
34
What is the remainder when 12131 is divided by 199?
191
Calculate the remainder when 1361390 is divided by 5971.
2
What is the remainder when 8482 is divided by 650?
32
What is the remainder when 342778 is divided by 29?
27
What is the remainder when 55667 is divided by 148?
19
Calculate the remainder when 798480 is divided by 329.
326
What is the remainder when 42445 is divided by 20854?
737
Calculate the remainder when 14982 is divided by 78.
6
What is the remainder when 1918 is divided by 859?
200
Calculate the remainder when 16611 is divided by 1069.
576
What is the remainder when 49017 is divided by 1581?
6
What is the remainder when 8900 is divided by 8834?
66
What is the remainder when 81719 is divided by 27221?
56
What is the remainder when 64578 is divided by 20?
18
What is the remainder when 195009 is divided by 2?
1
Calculate the remainder when 4152 is divided by 1379.
15
Calculate the remainder when 1033587 is divided by 60799.
4
Calculate the remainder when 83511 is divided by 41750.
11
What is the remainder when 241188 is divided by 511?
507
What is the remainder when 1995 is divided by 49?
35
What is the remainder when 9074 is divided by 7?
2
Calculate the remainder when 192511 is divided by 1395.
1
Calculate the remainder when 7180 is divided by 3570.
40
Calculate the remainder when 15469 is divided by 43.
32
What is the remainder when 92481 is divided by 179?
117
What is the remainder when 6182 is divided by 89?
41
Calculate the remainder when 539361 is divided by 241.
3
Calculate the remainder when 70801 is divided by 3371.
10
Calculate the remainder when 2961794 is divided by 2181.
2177
What is the remainder when 819 is divided by 74?
5
What is the remainder when 31625 is divided by 167?
62
Calculate the remainder when 5323 is divided by 61.
16
What is the remainder when 26961 is divided by 42?
39
Calculate the remainder when 84063 is divided by 21004.
47
Calculate the remainder when 174799 is divided by 368.
367
Calculate the remainder when 7529 is divided by 1860.
89
Calculate the remainder when 4181 is divided by 25.
6
What is the remainder when 2996 is divided by 917?
245
Calculate the remainder when 13277 is divided by 217.
40
What is the remainder when 992 is divided by 495?
2
Calculate the remainder when 11339 is divided by 567.
566
What is the remainder when 254679 is divided by 127302?
75
Calculate the remainder when 32562 is divided by 592.
2
What is the remainder when 2946484 is divided by 248?
244
Calculate the remainder when 5812 is divided by 1827.
331
What is the remainder when 60548 is divided by 214?
200
Calculate the remainder when 466 is divided by 32.
18
Calculate the remainder when 71405 is divided by 384.
365
What is the remainder when 713162 is divided by 433?
11
What is the remainder when 8122029 is divided by 243?
240
What is the remainder when 3206 is divided by 134?
124
What is the remainder when 43902 is divided by 3377?
1
Calculate the remainder when 276966 is divided by 356.
354
What is the remainder when 21977 is divided by 3662?
5
What is the remainder when 12607 is divided by 420?
7
Calculate the remainder when 345172 is divided by 11.
3
What is the remainder when 362953 is divided by 9809?
20
What is the remainder when 25459 is divided by 190?
189
Calculate the remainder when 37763 is divided by 211.
205
What is the remainder when 10767 is divided by 3575?
42
Calculate the remainder when 13568 is divided by 6777.
14
Calculate the remainder when 88884 is divided by 199.
130
Calculate the remainder when 20457 is divided by 565.
117
Calculate the remainder when 105623 is divided by 21108.
83
Calculate the remainder when 26476 is divided by 21.
16
Calculate the remainder when 124933 is divided by 74.
21
Calculate the remainder when 5431 is divided by 895.
61
Calculate t